)) + 7.
8
What is the value of -1 + 8 + 8 + (3 - 5) + -1?
12
What is the value of -25 + 58 + -41 + -15?
-23
Evaluate 1 - -3 - (6 - (14 + (-8 - 10))).
-6
-15 - (-12 + 23 - 34)
8
Evaluate 21 - 42 - (3 + -12).
-12
Evaluate -3 - ((-8 - (-3 - 2)) + 5).
-5
What is (0 - -6 - 6) + 1?
1
What is the value of 19 + (-13 - (12 - (11 + 25)))?
30
-20 - (-20 - 14) - 10
4
Evaluate -33 + 0 - (-7 - 14).
-12
What is -39 - (-59 - -18) - 17?
-15
Evaluate 8 - 1 - (-1829 + 1852).
-16
Calculate 0 - (0 - -14) - (-21 + (29 - 5)).
-17
What is the value of (34 + -21 - -29) + -36?
6
Evaluate -20 + (8 - (9 + -16)).
-5
Evaluate 3 + -23 + 10 + 3 - 12.
-19
What is (-9 - 1) + (-161 - -171) + (1 - 5)?
-4
Calculate 14 + (-3 - 0) + 4 + -18 + 15.
12
-3 - (2 + -21) - (-33 - -44)
5
What is (-2 + 23 - (-24 - -17)) + (-1 - 6)?
21
Calculate (-3 - (-7 - (2 - 15))) + (-3 - -41).
29
-7 - (-4 + -2 + (0 - -7) - 12)
4
What is 4 + (9 - -1) + -12 - 8?
-6
Calculate 9 - (13 - (9 + -12)).
-7
Evaluate -28 + 24 + (2 - (1 + -6)).
3
74 + -66 + (0 - -4)
12
Calculate -18 + (7 - (11 - 17 - -15)).
-20
-12 + -6 + 12 - 1
-7
What is the value of -2 + 4 + (-11 - -37 - 23)?
5
What is -2 + -16 + -107 + 96 - -11?
-18
Calculate (-2 - (-13 - -14)) + 16.
13
Evaluate 15 - (14 + -19 - -26).
-6
What is the value of 15 + -2 - (166 + -147)?
-6
What is 14 - ((5 - -12) + 4)?
-7
What is -34 + 17 - -17 - -9?
9
Calculate (-1 - 1 - 4) + 8 + 3 + -5.
0
Evaluate -6 + -9 + (49 - 41).
-7
34 - 44 - (-3 + -4)
-3
Evaluate -3 + -11 + -1 + 7.
-8
What is the value of (-11 - 0) + 32 - 10 - 21?
-10
Evaluate (-38 + 18 - -16) + 24.
20
What is the value of (-6 - 1) + (8 + 3 - 1) + -1?
2
Evaluate -12 + 12 + -11 - (-9 + 4).
-6
Evaluate 6 - -6 - 20 - 5.
-13
Evaluate (-3 - 3 - -5) + -2 - -11.
8
Evaluate -32 - -58 - (-27 - -61).
-8
Calculate 27 - 24 - (6 - -1) - -19.
15
-11 + 5 + (0 - (16 + -6))
-16
Calculate -17 + (20 - 43 - -22).
-18
Evaluate 7 + 0 + -31 + 17 - 20.
-27
What is 19 + (-4 - (10 + -10 - -3))?
12
Calculate (0 - (6 + 7)) + 10 + -4.
-7
What is (-5 - 4) + -3 - (-1 + -7)?
-4
What is the value of (-3 - 7) + 7 + 15 - -11?
23
Evaluate -12 - (-11 - (-17 - 0)).
-18
Evaluate (7 - 10) + (-5 - (-6 + 4)).
-6
What is the value of 21 + (-7 - (-9 + 14))?
9
What is -13 + 18 + -6 + -2?
-3
Calculate -2 - -13 - (-11 + 23).
-1
Calculate (-1 - -16) + (32 - -18 - 51).
14
Evaluate -1 + -8 + 20 + -1.
10
Evaluate -3 + 5 + -4 - (33 - 30) - -29.
24
What is the value of 1 + -6 - (5 + (-21 - -5))?
6
Evaluate -2 + -28 + 24 + 1 + 7 + 1.
3
Evaluate (-4 - 27) + 14 + 11.
-6
What is the value of 0 + -6 + (7 - 12 - -7)?
-4
153 + -161 + (2 - 2) + -6
-14
What is the value of 16 + -22 + -10 + 18?
2
What is -4710 + 4751 + 0 + (-11 - (0 - 2))?
32
What is the value of -12 + (3 - 0) + 60 + -18 + -23?
10
Calculate -193 - -189 - (4 - 2).
-6
Evaluate 3 + -36 + -6 - (26 - 23) - -11.
-31
What is the value of 5 + (12 - 6) + (-3 - 4) + -12?
-8
What is the value of (10 - 4) + -2 + -3 + (-7 - 4)?
-10
What is the value of 1 + -2 - (-1 + -14) - -1?
15
What is (-13 - -25 - (25 + -1)) + 5?
-7
-24 + (-6 - (-15 + 8) - -6)
-17
What is 15 + 3 + -7 + -20 + -10?
-19
17 + (-1 + -13 - (390 + -399))
12
What is the value of (-2 - 0) + 98 + -90 + 0 + -18?
-12
Evaluate -15 + ((-5 - -7 - 5) + -11 - -3).
-26
Calculate -34 - (-16 + -7 - 35).
24
What is (2 - 15) + (0 - 13) + 7?
-19
Evaluate 216 - 257 - (-30 + 0).
-11
5 + (161 - 166 - (-28 - (-1 - 0)))
27
What is the value of 25 + -32 + 37 + -53?
-23
19 - -2 - (-35 + 18 + 16)
22
Evaluate -3 + (-10 - -34) + -23 + (1 - -1).
0
What is -5 - (9 + 2 + (-5 - -31) + -7)?
-35
-5 + (6 - -5) + -5 - 7
-6
Calculate -9 - -3 - (2 - (-6 + 0 - -2)).
-12
Evaluate (-9 + 4 + 10 - 43) + 15.
-23
What is (6 - (-13 + 31)) + 9 + (1 - -1)?
-1
Calculate -15 + 23 + 7 + -28.
-13
What is 0 - (26 - 11 - 6) - -17?
8
Calculate 15 + (-12 - (1 - 16)) + 0.
18
Calculate 19 + (9 - (29 - 17)).
16
-17 - (41 + -11 + -14)
-33
What is the value of (44 - 0) + (-91 - -69)?
22
Evaluate (35 - 39) + -1 + -6.
-11
What is -85 + 89 + -1 + 8 + -3?
8
What is -12 - (17 - 27 - -12)?
-14
Calculate (-19 - 2) + (-15 - (-3 + 5 - 5)).
-33
What is the value of -12 - 3 - (0 - 4 - (-2 + 1))?
-12
What is -1 - ((6 - -13) + -10 - 8)?
-2
What is 9 + 2 + -2 + 25 + (-21 - -5)?
18
What is -3 + (2 - 18) + -2 - (21 + -28)?
-14
22 - (-6 - (3 + -13 + (-23 - -22)))
17
What is the value of -3 + 4 + -41 - -16?
-24
-3 - -3 - (-32 - -30)
2
(8 - -1) + -5 + -1 - -5
8
Calculate -2 - (-26 + 8 + 12).
4
What is the value of 19 - (8 - (0 - -4) - (-10 + 6))?
11
What is the value of (-1963 - -1931) + -1 + (8 - 1)?
-26
Evaluate (0 - 4 - 1) + (27 - 34).
-12
What is -6 + -24 - (-21 - 3)?
-6
(2 - 1 - -1) + -3 + 7
6
Evaluate -29 - (8 + (-41 - -28)).
-24
What is the value of 10 - 6 - 23 - -13?
-6
What is the value of -13 + (5 - 4) + (30 - 29)?
-11
What is the value of (-3 - 6 - -6 - 0) + 7?
4
What is -11 - 4 - (6 + 13 + (-5 - 5))?
-24
Evaluate 9 - ((4 - 7) + 30 + -8 - 0).
-10
Calculate -16 + 2 - (58 - 60).
-12
Evaluate -13 + (37 - -4) - (-1 + 2 + 8).
19
Evaluate 22 - 62 - -22 - -32.
14
Calculate 5 - 11 - (49 + -44).
-11
24 + -1 + -18 - (-12 + -5 + 3)
19
Evaluate -440 + 410 + 8 + 1.
-21
What is the value of (-13 - -6) + 18 + -3?
8
Evaluate (-9 - 14) + 13 - (20 - (-5 - 1)).
-36
Calculate -39 + -27 - -69 - (1 + (-1 - -40)).
-37
What is -23 + (-12 - (9 - 35))?
-9
What is the value of 4 + 6 + -27 + 12?
-5
What is 7 + -1 - (374 + -386)?
18
Calculate 8 + -1 + 1 - (5 - -15).
-12
What is 9 + 12 + (3 - 16)?
8
Calculate -1 + 3 - (-38 + 35 - (-1 + 0)).
4
-34 + (2 - (8 + -1)) + (-14 - -21)
-32
Evaluate -27 + (8 - ((-1 - -12) + (-48 - -41))).
-23
What is the value of 51 + -32 - (0 + -2 + 6)?
15
What is the value of -1 + 7 - (8 + -2 + 8 + -14)?
6
Evaluate (0 - -3) + (24 - (15 - 25)).
37
Calculate 18 + 0 + 34 + 2 + -19.
35
What is 2 + -11 + (-38 + 70 - 34)?
-11
Calculate 0 + 8 + 3 + -6 + 4 + 2.
11
What is -24 + 4 - (-24 + 3)?
1
(1 - (-17 - (-12 + -9 + 9))) + -7
-1
-47 + 20 + 4 - 0
-23
What is the value of -26 + 13 - (-37 + 35)?
-11
What is -23 - -6 - -32 - (17 + -1)?
-1
Calculate (17 - 38) + (12 - 1) + -7.
-17
What is (-12 + 6 - 3) + (20 - 1)?
10
Evaluate -12 + 17 + -8 + -6.
-9
What is the value of 1 + -2 + (3 + -3 - (1 + -2))?
0
Evaluate 41 + (8 - (9 - -28)).
12
Evaluate (-15 - (-16 + -26) - 20) + 16 + 0.
23
Evaluate 1 + -8 + 6 + 12 + -5 - 2.
4
Calculate -17 - (59 - 41 - (2 + 14)).
-19
Calculate 7 + (1 - 33) - 0.
-25
Calculate -453 - -464 - (2 - (-2 + 12)).
19
-2 - (2 + -1 - (80 - 91))
-14
Evaluate (-4 + -15 - -5) + -2 + 17.
1
Evaluate 26 - (-8 + (-17 + (6 - -3) - -13)).
29
Evaluate 22 - (14 + (45 - 29)).
-8
Calculate -9 - ((30 - 12) + -24).
-3
Calculate -28 - (25 + (7 - 65)).
5
What is 6 - (-4 + (-5 - (-7 - (6 + -1))))?
3
What is the value of 13 - ((6 - 15) + -3 + (4 - -2))?
19
-1 - (3 + 2 - 1 - -2) - -2
-5
Calculate 22 - (14 + 6) - 16.
-14
(0 - 2) + 21 + -762 + 746
3
-31 + (25 - 1) + -4
-11
(-19 - -2) + (-55 - -91)
19
Calculate -7 - (-12 + 29 + -5).
-19
-16 - ((-1 - -11) + -5) - -1
-20
What is (-20 - -31) + -14 + 12?
9
What is 11 + -79 + 79 + (-35 + 1 - -2)?
-21
Calculate 1 + -11 - (27 - (-16 - -51)) - 19.
-21
What is the value of -8 - (-4 + 2) - (-44 - -37)?
1
What is (35 - 13) + 5 - 42?
-15
What is -8 + 12 - (2 + 10) - -3?
-5
Calculate -25 + 37 + -87 + 37.
-38
Calculate 2 + -9 + (3 - -5) - (-11 + 3).
9
Calculate -19 + 17 + (-22 - -17 - -12).
5
Evaluate -22 + 3 + (1 - -9).
-9
What is the value of 23 + 0 + (12 - (21 - (-1 + 13)))?
26
What is the value of -6 + (1 - -9 - 14) + 4?
-6
Calculate -1 + (-3 - (-1 - 5)) + 135 + -148.
-11
What is ((48 - 9) + -8 + 10 - 2) + -8?
31
Calculate -6 + 0 - (-115 + 94) - (2 - 6).
19
What is the value of -29 + (9 - 4) + -4 + (4 - -4)?
-20
Evaluate -16 - (5 + -12 - -14 - 13).
-10
What is (211 - 244) + (0 - -40)?
7
Evaluate (-3 - -12 - 5 - 9) + (1 - -1).
-3
Calculate -42 + (-14 - -50 - 30).
-36
Calculate -560 + 571 - (-2 - -14).
-1
What is the value of ((-5 - 7) + 0 - -17) + 7 + 19?
31
Evaluate -15 + 0 + 33 + 0 + -9 + -2.
7
Calculate (-10 - -3 - -4) + 8 + 3 + -1.
7
Evaluate -4 - (-13 + 18 + 2).
-11
-383 + 373 - (1 + 1 - (-2 + 2))
-12
What is -2 - 5 - (6 + -12 - -9 - -6)?
-16
Evaluate 27 - ((75 - 39) + 2).
-11
Calculate 19 + -3 - (45 - 0).
-29
5 - (19 - (21 + -12) - (5 - 0))
0
Evaluate 4 - (5 + -13 + -10) - 16.
6
What is (-12 -